93.
1706
Calculate the remainder when 152713 is divided by 2274.
355
What is the remainder when 527823 is divided by 5679?
5355
Calculate the remainder when 1050181 is divided by 215.
121
What is the remainder when 193466 is divided by 78?
26
Calculate the remainder when 13231677 is divided by 840.
837
Calculate the remainder when 49567 is divided by 350.
217
What is the remainder when 72359604 is divided by 952?
940
What is the remainder when 31243984 is divided by 997?
995
What is the remainder when 5918541 is divided by 36?
33
What is the remainder when 192187996 is divided by 19?
13
Calculate the remainder when 3064080 is divided by 32947.
9
Calculate the remainder when 367952 is divided by 3.
2
Calculate the remainder when 7824743 is divided by 506.
465
Calculate the remainder when 33178 is divided by 33120.
58
Calculate the remainder when 519055 is divided by 40.
15
Calculate the remainder when 334918 is divided by 9569.
3
Calculate the remainder when 227694 is divided by 51.
30
What is the remainder when 4994482 is divided by 3083?
22
Calculate the remainder when 198835 is divided by 186.
1
Calculate the remainder when 1840360 is divided by 2444.
28
What is the remainder when 532378 is divided by 864?
154
What is the remainder when 417136 is divided by 23102?
1300
What is the remainder when 82260 is divided by 25256?
6492
What is the remainder when 5631755 is divided by 40?
35
Calculate the remainder when 279756 is divided by 4232.
444
What is the remainder when 16882938 is divided by 11203?
17
What is the remainder when 108182029 is divided by 2455?
2454
Calculate the remainder when 1191969 is divided by 935.
779
What is the remainder when 183891 is divided by 169?
19
Calculate the remainder when 545203 is divided by 16.
3
What is the remainder when 831402 is divided by 505?
172
Calculate the remainder when 3980413 is divided by 278.
9
Calculate the remainder when 5696194 is divided by 8.
2
Calculate the remainder when 96915600 is divided by 202329.
9
What is the remainder when 514716 is divided by 73?
66
Calculate the remainder when 64516 is divided by 4066.
3526
Calculate the remainder when 5702029 is divided by 6756.
6721
Calculate the remainder when 6830871 is divided by 84.
75
Calculate the remainder when 277716 is divided by 8167.
38
What is the remainder when 137486 is divided by 5224?
1662
What is the remainder when 270956 is divided by 141?
95
What is the remainder when 3580120 is divided by 196?
180
What is the remainder when 11367417 is divided by 32949?
12
What is the remainder when 121115 is divided by 1795?
850
Calculate the remainder when 1630999 is divided by 38.
1
Calculate the remainder when 26449358 is divided by 73.
71
What is the remainder when 4894055 is divided by 1226?
1089
Calculate the remainder when 8099895 is divided by 48.
39
Calculate the remainder when 24362425 is divided by 1137.
1063
Calculate the remainder when 111081 is divided by 2783.
2544
What is the remainder when 11588 is divided by 592?
340
Calculate the remainder when 613930 is divided by 219.
73
Calculate the remainder when 83175 is divided by 1806.
99
What is the remainder when 19201719 is divided by 4921?
4898
What is the remainder when 9454489 is divided by 2750?
2739
What is the remainder when 101407450 is divided by 49?
39
Calculate the remainder when 152260397 is divided by 37.
32
Calculate the remainder when 33028102 is divided by 1501277.
8
Calculate the remainder when 98504445 is divided by 73.
70
Calculate the remainder when 14551 is divided by 406.
341
Calculate the remainder when 5298027 is divided by 1766003.
18
What is the remainder when 1242955 is divided by 69051?
37
What is the remainder when 71998 is divided by 70535?
1463
Calculate the remainder when 4296912 is divided by 306919.
46
Calculate the remainder when 535324 is divided by 956.
920
Calculate the remainder when 522358 is divided by 8165.
7963
What is the remainder when 107418274 is divided by 4812?
4810
What is the remainder when 2224957 is divided by 1429?
4
Calculate the remainder when 783248 is divided by 1551.
1544
What is the remainder when 19132 is divided by 1060?
52
What is the remainder when 422270 is divided by 858?
134
Calculate the remainder when 8759295 is divided by 4379640.
15
Calculate the remainder when 38636 is divided by 38195.
441
What is the remainder when 7478890 is divided by 151?
11
Calculate the remainder when 6762823 is divided by 155.
18
What is the remainder when 95786 is divided by 101?
38
Calculate the remainder when 18138 is divided by 6858.
4422
What is the remainder when 245449787 is divided by 2185?
2182
Calculate the remainder when 124908 is divided by 41363.
819
What is the remainder when 3258695 is divided by 145?
110
Calculate the remainder when 1823518 is divided by 162.
46
What is the remainder when 13578644 is divided by 339?
338
Calculate the remainder when 956069 is divided by 119440.
549
Calculate the remainder when 4470746 is divided by 1017.
14
Calculate the remainder when 308477 is divided by 61617.
392
What is the remainder when 251483 is divided by 362?
255
What is the remainder when 3658982 is divided by 521?
520
Calculate the remainder when 251616 is divided by 2859.
24
What is the remainder when 36513980 is divided by 640596?
8
What is the remainder when 1070922 is divided by 76?
6
What is the remainder when 12995 is divided by 124?
99
Calculate the remainder when 834080 is divided by 7010.
6900
What is the remainder when 2919417 is divided by 705?
12
What is the remainder when 283516 is divided by 70877?
8
Calculate the remainder when 1355907 is divided by 677947.
13
Calculate the remainder when 3525063 is divided by 503579.
10
What is the remainder when 91482 is divided by 1945?
67
What is the remainder when 90575341 is divided by 13?
12
Calculate the remainder when 29354 is divided by 9451.
1001
Calculate the remainder when 3083778 is divided by 1953.
1944
What is the remainder when 50629944 is divided by 225?
219
Calculate the remainder when 69313 is divided by 4332.
1
What is the remainder when 751177 is divided by 375583?
11
What is the remainder when 30750 is divided by 6544?
4574
What is the remainder when 1091630 is divided by 30322?
38
Calculate the remainder when 36498 is divided by 36304.
194
Calculate the remainder when 72208 is divided by 17948.
416
Calculate the remainder when 39193347 is divided by 271.
243
Calculate the remainder when 32109 is divided by 312.
285
What is the remainder when 17339 is divided by 569?
269
What is the remainder when 26408 is divided by 711?
101
Calculate the remainder when 628754 is divided by 4912.
18
Calculate the remainder when 222539 is divided by 10597.
2
What is the remainder when 69578171 is divided by 1038?
1031
Calculate the remainder when 10572376 is divided by 19.
16
What is the remainder when 5357511 is divided by 265?
6
What is the remainder when 1102428 is divided by 957?
921
Calculate the remainder when 136546 is divided by 89.
20
What is the remainder when 39207 is divided by 404?
19
Calculate the remainder when 161189292 is divided by 3629.
3628
Calculate the remainder when 875480 is divided by 71.
50
What is the remainder when 271410 is divided by 10052?
6
Calculate the remainder when 63474 is divided by 3666.
1152
Calculate the remainder when 215337 is divided by 215149.
188
What is the remainder when 23667 is divided by 3586?
2151
What is the remainder when 50550982 is divided by 9?
7
What is the remainder when 605820 is divided by 100968?
12
What is the remainder when 28000637 is divided by 2153895?
2
Calculate the remainder when 16589223 is divided by 2190.
2163
Calculate the remainder when 445397 is divided by 421.
400
Calculate the remainder when 859882 is divided by 429930.
22
Calculate the remainder when 35375 is divided by 2152.
943
Calculate the remainder when 1908474 is divided by 636131.
81
Calculate the remainder when 6726019 is divided by 116.
107
Calculate the remainder when 500847731 is divided by 297.
296
What is the remainder when 1729896 is divided by 94?
14
What is the remainder when 177890098 is divided by 35578018?
8
What is the remainder when 1942279 is divided by 1988?
3
What is the remainder when 1246142 is divided by 6232?